{"id":29,"date":"2013-03-10T20:53:57","date_gmt":"2013-03-10T19:53:57","guid":{"rendered":"http:\/\/ff-buehl.de\/?page_id=29"},"modified":"2013-03-10T21:01:57","modified_gmt":"2013-03-10T20:01:57","slug":"impressum","status":"publish","type":"page","link":"https:\/\/ff-buehl.de\/?page_id=29","title":{"rendered":"Impressum"},"content":{"rendered":"<p><span style=\"color: #000000; font-family: Arial Rounded MT Bold; font-size: large;\"><span style=\"text-decoration: underline;\">Urheberrecht:<\/span><\/span><\/p>\n<p><span style=\"color: #000000; font-family: Arial Rounded MT Bold;\">Alle unter FF-Buehl.de erschienenen Beitr\u00e4ge sind urheberrechtlich gesch\u00fctzt. Aus der Ver\u00f6ffentlichung kann nicht geschlossen werden, dass die verwendeten Bezeichnungen oder Inhalte frei von gewerblichen Schutzrechten Dritter sind.<br \/>\nErlaubt und sogar gew\u00fcnscht ist eine Verwendung der Inhalte zu pers\u00f6nlichen und nicht kommerziellen Zwecken.<\/span><\/p>\n<hr \/>\n<p><span style=\"text-decoration: underline; color: #000000;\"><span style=\"font-family: Arial Rounded MT Bold; font-size: large;\">Inhalte<\/span><span style=\"font-family: Arial Rounded MT Bold; font-size: large;\">:<\/span><\/span><\/p>\n<p><span style=\"color: #000000; font-family: Arial Rounded MT Bold;\">Die Bereitstellung s\u00e4mtlicher Inhalte und Angaben auf den Internetseiten von FF-Buehl.de erfolgen ohne Gew\u00e4hr hinsichtlich der Vollst\u00e4ndigkeit und Richtigkeit dieser Angaben.<br \/>\nVerweise auf Personen sind rein zuf\u00e4llig oder mit Erlaubnis derer geschehen.<\/span><\/p>\n<hr \/>\n<p><span style=\"color: #000000; font-family: Arial Rounded MT Bold; font-size: large;\"><span style=\"text-decoration: underline;\">Links:<\/span><\/span><\/p>\n<p><span style=\"color: #000000; font-family: Arial Rounded MT Bold;\">Mit Urteil vom 12. Mai 1998 &#8211; 312 O 85\/98 &#8211; &#8222;Haftung f\u00fcr Links&#8220; hat das Landgericht Hamburg entschieden, dass man durch die Anbringung eines Links die Inhalte der gelinkten Seite ggf. mit zu verantworten hat. Dies kann nur dadurch verhindert werden, dass man sich ausdr\u00fccklich von diesen Inhalten distanziert.<br \/>\nHiermit distanzieren wir uns ausdr\u00fccklich von allen Inhalten aller gelinkten Seiten auf unserer Internetpr\u00e4senz und machen uns diese Inhalte nicht zu eigen. Diese Erkl\u00e4rung gilt f\u00fcr alle auf unserer Internetpr\u00e4senz publizierten Links und f\u00fcr alle Inhalte der Seiten, zu denen die bei uns ver\u00f6ffentlichten Banner und Links f\u00fchren.<\/span><\/p>\n<hr \/>\n<p><span style=\"color: #000000;\"><span style=\"font-family: Arial Rounded MT Bold; font-size: large;\"><span style=\"text-decoration: underline;\">Protokolle<\/span><\/span><span style=\"font-family: Arial Rounded MT Bold; font-size: large;\"><span style=\"text-decoration: underline;\">:<\/span><\/span><\/span><\/p>\n<p><span style=\"color: #000000; font-family: Arial Rounded MT Bold;\">Wir protokollieren die Zugriffe auf unseren HTTP-Server wie allgemein \u00fcblich. Unsere Protokolle beinhalten jeweils Datum und Zeit, die Bezeichnung (URL) der von Ihnen angeforderten Seite und die Bezeichnung (IP-Nummer) des Rechners, von dem aus die Seite abgerufen wird.<\/span><\/p>\n<hr \/>\n<p><span style=\"color: #000000; font-family: Arial Rounded MT Bold; font-size: large;\"><span style=\"text-decoration: underline;\">System &#8211; und Browservoraussetzungen:<\/span><\/span><\/p>\n<p><span style=\"color: #000000; font-family: Arial Rounded MT Bold;\">Unsere Seiten sind optimiert f\u00fcr eine Darstellung mit einer Bildschirmaufl\u00f6sung von mindestens 1024 x 768 Pixels und einer Farbtiefe von mindestens 256 Farben.<\/span><\/p>\n<p><span style=\"color: #000000; font-family: Arial Rounded MT Bold;\">Bitte aktivieren Sie Java, JavaScript und Style Sheets.<\/span><\/p>\n<p><span style=\"color: #000000; font-family: Arial Rounded MT Bold;\">Um den vollen Nutzen aus unseren Webseiten ziehen zu k\u00f6nnen, empfehlen wir Ihnen den Browser Microsoft Internet Explorer 4.0 oder h\u00f6her zu verwenden.<\/span><\/p>\n<hr \/>\n<p><span style=\"color: #000000;\"><span style=\"font-family: Arial Rounded MT Bold; font-size: large;\"><span style=\"text-decoration: underline;\">Anregungen<\/span><\/span><span style=\"font-family: Arial Rounded MT Bold; font-size: large;\"><span style=\"text-decoration: underline;\">:<\/span><\/span><\/span><\/p>\n<p><span style=\"color: #000000;\"><span style=\"font-family: Arial Rounded MT Bold;\">&#8230;. sind uns jederzeit herzlich willkommen und k\u00f6nnen an<\/span>\u00a0<\/span><\/p>\n<p><span style=\"color: #000000;\"><span style=\"font-family: Arial Rounded MT Bold;\"><a href=\"mailto:webmaster@ff-buehl.de\"><span style=\"color: #000000;\">webmaster@ff-buehl.de<\/span><\/a><\/span> <span style=\"font-family: Arial Rounded MT Bold;\">gesandt werden.<\/span><\/span><\/p>\n<hr \/>\n<p><span style=\"color: #000000; font-family: Arial Rounded MT Bold; font-size: large;\"><span style=\"text-decoration: underline;\">Idee und Gestaltung:<\/span><\/span><\/p>\n<p><span style=\"color: #000000; font-family: Arial Rounded MT Bold;\"><a href=\"mailto:webmaster@ff-buehl.de\"><span style=\"color: #000000;\">Stephan Hartmann<\/span><\/a> <\/span><\/p>\n","protected":false},"excerpt":{"rendered":"<p>Urheberrecht: Alle unter FF-Buehl.de erschienenen Beitr\u00e4ge sind urheberrechtlich gesch\u00fctzt. Aus der Ver\u00f6ffentlichung kann nicht geschlossen werden, dass die verwendeten Bezeichnungen oder Inhalte frei von gewerblichen Schutzrechten Dritter sind. Erlaubt und sogar gew\u00fcnscht ist eine Verwendung der Inhalte zu pers\u00f6nlichen und &hellip; <a href=\"https:\/\/ff-buehl.de\/?page_id=29\">Weiterlesen <span class=\"meta-nav\">&rarr;<\/span><\/a><\/p>\n","protected":false},"author":1,"featured_media":0,"parent":0,"menu_order":3,"comment_status":"closed","ping_status":"closed","template":"","meta":{"footnotes":""},"class_list":["post-29","page","type-page","status-publish","hentry"],"_links":{"self":[{"href":"https:\/\/ff-buehl.de\/index.php?rest_route=\/wp\/v2\/pages\/29","targetHints":{"allow":["GET"]}}],"collection":[{"href":"https:\/\/ff-buehl.de\/index.php?rest_route=\/wp\/v2\/pages"}],"about":[{"href":"https:\/\/ff-buehl.de\/index.php?rest_route=\/wp\/v2\/types\/page"}],"author":[{"embeddable":true,"href":"https:\/\/ff-buehl.de\/index.php?rest_route=\/wp\/v2\/users\/1"}],"replies":[{"embeddable":true,"href":"https:\/\/ff-buehl.de\/index.php?rest_route=%2Fwp%2Fv2%2Fcomments&post=29"}],"version-history":[{"count":4,"href":"https:\/\/ff-buehl.de\/index.php?rest_route=\/wp\/v2\/pages\/29\/revisions"}],"predecessor-version":[{"id":36,"href":"https:\/\/ff-buehl.de\/index.php?rest_route=\/wp\/v2\/pages\/29\/revisions\/36"}],"wp:attachment":[{"href":"https:\/\/ff-buehl.de\/index.php?rest_route=%2Fwp%2Fv2%2Fmedia&parent=29"}],"curies":[{"name":"wp","href":"https:\/\/api.w.org\/{rel}","templated":true}]}}